{"id":30,"date":"2018-02-19T12:25:30","date_gmt":"2018-02-19T12:25:30","guid":{"rendered":"http:\/\/fisioterapiamaestria.com\/?page_id=30"},"modified":"2020-01-02T18:16:30","modified_gmt":"2020-01-02T18:16:30","slug":"inicio","status":"publish","type":"page","link":"https:\/\/fisioterapiamaestria.com\/","title":{"rendered":"Inicio"},"content":{"rendered":"<div><\/div>\n<p>&nbsp;<\/p>\n<div class=\"row\">\n<div class=\"hc_home_border\"><\/div>\n<\/div>\n<h1 class=\"section-title\" style=\"text-align: center\" color=\"#31A3DD\">Nuestros Servicios<\/h1>\n<div id=\"sidebar-service\" class=\"row sidebar-service\">\n<div id=\"wbr_feature_page_widget-14\" class=\"col-md-3 hc_service_area widget wbr_feature_page_widget-14\">\n<div class=\"service-widget\">\n<div><img decoding=\"async\" class=\"img-responsive\" src=\"https:\/\/fisioterapiamaestria.com\/wp-content\/uploads\/2019\/11\/Sala-interior1.jpg\"><\/p>\n<h2><a>Rehabilitaci\u00f3n<\/a><\/h2>\n<\/div>\n<p>Especialistas en recuperaci\u00f3n de intervenciones quir\u00fargicas traumatol\u00f3gicas y neurocirug\u00edas.<\/p>\n<\/div>\n<\/div>\n<div id=\"wbr_feature_page_widget-13\" class=\"col-md-3 hc_service_area widget wbr_feature_page_widget-13\">\n<div class=\"service-widget\">\n<div><img decoding=\"async\" class=\"img-responsive\" src=\"https:\/\/fisioterapiamaestria.com\/wp-content\/uploads\/2020\/01\/bicicleta.jpg\"><\/p>\n<h2><a>Recuperaci\u00f3n deportiva<\/a><\/h2>\n<\/div>\n<p>Recuperada la lesi\u00f3n se prepara al paciente para la  pr\u00e1ctica del deporte, a la realizaci\u00f3n del mismo con \u00f3ptimos resultados.<\/p>\n<\/div>\n<\/div>\n<div id=\"wbr_feature_page_widget-12\" class=\"col-md-3 hc_service_area widget wbr_feature_page_widget-12\">\n<div class=\"service-widget\">\n<div><img decoding=\"async\" class=\"img-responsive\" src=\"https:\/\/fisioterapiamaestria.com\/wp-content\/uploads\/2020\/01\/images-9-1.jpg\"><\/p>\n<h2><a>Accidentes de Tr\u00e1fico<\/a><\/h2>\n<\/div>\n<p>Los lesionados en accidentes de circulaci\u00f3n tienen m\u00e1s facilidades para ser tratados en nuestro centro.<\/p>\n<\/div>\n<\/div>\n<div id=\"wbr_feature_page_widget-11\" class=\"col-md-3 hc_service_area widget wbr_feature_page_widget-11\">\n<div class=\"service-widget\">\n<div><img decoding=\"async\" class=\"img-responsive\" src=\"https:\/\/fisioterapiamaestria.com\/wp-content\/uploads\/2020\/01\/Colegio-fisio-2.jpg\"><\/p>\n<h2><a>Noticias<\/a><\/h2>\n<\/div>\n<p>Consulte las \u00faltimas noticias en nuestro ilustre colegio.<\/p>\n<\/div>\n<\/div>\n<\/div>\n<div class=\"row\">\n<div class=\"hc_home_border\"><\/div>\n<\/div>\n<div class=\"container\">\n<\/div>\n","protected":false},"excerpt":{"rendered":"<p>&nbsp; Nuestros Servicios Rehabilitaci\u00f3n Especialistas en recuperaci\u00f3n de intervenciones quir\u00fargicas traumatol\u00f3gicas y neurocirug\u00edas. Recuperaci\u00f3n deportiva Recuperada la lesi\u00f3n se prepara al paciente para la pr\u00e1ctica del deporte, a la realizaci\u00f3n del mismo con \u00f3ptimos resultados. Accidentes de Tr\u00e1fico Los lesionados en accidentes de circulaci\u00f3n tienen m\u00e1s facilidades para ser tratados<\/p>\n","protected":false},"author":1,"featured_media":0,"parent":0,"menu_order":0,"comment_status":"closed","ping_status":"closed","template":"","meta":{"footnotes":""},"class_list":["post-30","page","type-page","status-publish","hentry"],"_links":{"self":[{"href":"https:\/\/fisioterapiamaestria.com\/index.php?rest_route=\/wp\/v2\/pages\/30","targetHints":{"allow":["GET"]}}],"collection":[{"href":"https:\/\/fisioterapiamaestria.com\/index.php?rest_route=\/wp\/v2\/pages"}],"about":[{"href":"https:\/\/fisioterapiamaestria.com\/index.php?rest_route=\/wp\/v2\/types\/page"}],"author":[{"embeddable":true,"href":"https:\/\/fisioterapiamaestria.com\/index.php?rest_route=\/wp\/v2\/users\/1"}],"replies":[{"embeddable":true,"href":"https:\/\/fisioterapiamaestria.com\/index.php?rest_route=%2Fwp%2Fv2%2Fcomments&post=30"}],"version-history":[{"count":47,"href":"https:\/\/fisioterapiamaestria.com\/index.php?rest_route=\/wp\/v2\/pages\/30\/revisions"}],"predecessor-version":[{"id":185,"href":"https:\/\/fisioterapiamaestria.com\/index.php?rest_route=\/wp\/v2\/pages\/30\/revisions\/185"}],"wp:attachment":[{"href":"https:\/\/fisioterapiamaestria.com\/index.php?rest_route=%2Fwp%2Fv2%2Fmedia&parent=30"}],"curies":[{"name":"wp","href":"https:\/\/api.w.org\/{rel}","templated":true}]}}